{"id":26669,"date":"2025-01-08T18:45:10","date_gmt":"2025-01-08T18:45:10","guid":{"rendered":"https:\/\/gastrobarlazarza.com\/?page_id=26669"},"modified":"2025-01-08T18:58:50","modified_gmt":"2025-01-08T18:58:50","slug":"regala-la-zarza","status":"publish","type":"page","link":"https:\/\/gastrobarlazarza.com\/?page_id=26669","title":{"rendered":"Regala La ZARZA"},"content":{"rendered":"<div class=\"wp-block-image is-resized\">\n<figure class=\"aligncenter size-full\"><a href=\"https:\/\/gastrobarlazarza.com\/\"><img loading=\"lazy\" decoding=\"async\" width=\"550\" height=\"487\" src=\"https:\/\/gastrobarlazarza.com\/wp-content\/uploads\/2021\/09\/LOGO-NEGRO-LA-ZARZA_FINAL-1.png\" alt=\"\" class=\"wp-image-25911\" srcset=\"https:\/\/gastrobarlazarza.com\/wp-content\/uploads\/2021\/09\/LOGO-NEGRO-LA-ZARZA_FINAL-1.png 550w, https:\/\/gastrobarlazarza.com\/wp-content\/uploads\/2021\/09\/LOGO-NEGRO-LA-ZARZA_FINAL-1-300x266.png 300w, https:\/\/gastrobarlazarza.com\/wp-content\/uploads\/2021\/09\/LOGO-NEGRO-LA-ZARZA_FINAL-1-200x177.png 200w\" sizes=\"auto, (max-width: 550px) 100vw, 550px\" \/><\/a><\/figure>\n<\/div>\n\n\n<h1 class=\"wp-block-heading\"><strong>\u00a1Regala una experiencia inolvidable en La Zarza!<\/strong><\/h1>\n\n\n\n<p><strong>Sorprende a tus seres queridos con una experiencia gastron\u00f3mica \u00fanica en La Zarza, donde cada plato es una combinaci\u00f3n de sabores exquisitos y un servicio impecable. Ya sea para una ocasi\u00f3n especial o simplemente para disfrutar de una velada inolvidable, este regalo ser\u00e1 una experiencia que no olvidar\u00e1n.<\/strong><\/p>\n\n\n\n<h3 class=\"wp-block-heading\"><strong>C\u00f3mo adquirir tu experiencia en La Zarza:<\/strong><\/h3>\n\n\n\n<ol class=\"wp-block-list\">\n<li><strong>Selecciona la experiencia<\/strong>: Explora las opciones disponibles y elige la experiencia gastron\u00f3mica que mejor se adapte a la ocasi\u00f3n.<\/li>\n\n\n\n<li><strong>Importe<\/strong>: Incluye el precio de la experiencia que desees. (m\u00ednimo 38 euros)<\/li>\n\n\n\n<li><strong>Datos comprador<\/strong>: en este paso es necesario recoger los datos solicitados del comprador.<\/li>\n\n\n\n<li><strong>Beneficiario de la compra<\/strong>: En este apartado indicamos nombre y apellidos a quien va dirigida la experiencia.<\/li>\n\n\n\n<li><strong>Pago y Confirmaci\u00f3n: Una vez completada la compra, recibir\u00e1s un bono digital listo para imprimir o enviar . \u00a1As\u00ed de f\u00e1cil!<\/strong><\/li>\n<\/ol>\n\n\n\n<h3 class=\"wp-block-heading\">\u00a1Compra ahora y regala momentos \u00fanicos!<\/h3>\n\n\n\n<script type=\"text\/javascript\" src=\"https:\/\/www.covermanager.com\/js\/iframeResizer.min.js\"><\/script><iframe loading=\"lazy\" title=\"Reservas\" src=\"https:\/\/www.covermanager.com\/eco\/buy_products\/restaurante-la-zarza\/spanish\" allow=\"payment\" frameborder=\"0\" height=\"550\" width=\"100%\" onload=\"iFrameResize();\"><\/iframe>\n","protected":false},"excerpt":{"rendered":"<p>\u00a1Regala una experiencia inolvidable en La Zarza! Sorprende a tus seres queridos con una experiencia gastron\u00f3mica \u00fanica en La Zarza,<\/p>\n<p><a href=\"https:\/\/gastrobarlazarza.com\/?page_id=26669\" class=\"more-link\">Continue reading<span class=\"screen-reader-text\">Regala La ZARZA<\/span><\/a><\/p>\n","protected":false},"author":1,"featured_media":0,"parent":0,"menu_order":0,"comment_status":"closed","ping_status":"closed","template":"","meta":{"om_disable_all_campaigns":false,"_monsterinsights_skip_tracking":false,"_monsterinsights_sitenote_active":false,"_monsterinsights_sitenote_note":"","_monsterinsights_sitenote_category":0,"footnotes":""},"class_list":["post-26669","page","type-page","status-publish","hentry"],"aioseo_notices":[],"_links":{"self":[{"href":"https:\/\/gastrobarlazarza.com\/index.php?rest_route=\/wp\/v2\/pages\/26669","targetHints":{"allow":["GET"]}}],"collection":[{"href":"https:\/\/gastrobarlazarza.com\/index.php?rest_route=\/wp\/v2\/pages"}],"about":[{"href":"https:\/\/gastrobarlazarza.com\/index.php?rest_route=\/wp\/v2\/types\/page"}],"author":[{"embeddable":true,"href":"https:\/\/gastrobarlazarza.com\/index.php?rest_route=\/wp\/v2\/users\/1"}],"replies":[{"embeddable":true,"href":"https:\/\/gastrobarlazarza.com\/index.php?rest_route=%2Fwp%2Fv2%2Fcomments&post=26669"}],"version-history":[{"count":6,"href":"https:\/\/gastrobarlazarza.com\/index.php?rest_route=\/wp\/v2\/pages\/26669\/revisions"}],"predecessor-version":[{"id":26678,"href":"https:\/\/gastrobarlazarza.com\/index.php?rest_route=\/wp\/v2\/pages\/26669\/revisions\/26678"}],"wp:attachment":[{"href":"https:\/\/gastrobarlazarza.com\/index.php?rest_route=%2Fwp%2Fv2%2Fmedia&parent=26669"}],"curies":[{"name":"wp","href":"https:\/\/api.w.org\/{rel}","templated":true}]}}